 by 16.
1
Calculate the remainder when 1739512 is divided by 998.
996
What is the remainder when 1524748 is divided by 508239?
31
Calculate the remainder when 10242518 is divided by 2633.
148
Calculate the remainder when 1376447 is divided by 137523.
1217
Calculate the remainder when 4597631 is divided by 1831.
1821
Calculate the remainder when 3413048 is divided by 57848.
16
What is the remainder when 1023116 is divided by 713?
674
What is the remainder when 1270274 is divided by 49?
47
Calculate the remainder when 396759 is divided by 401.
170
What is the remainder when 48709232 is divided by 13909?
13823
What is the remainder when 30172 is divided by 6020?
72
Calculate the remainder when 36763042 is divided by 1096.
1010
Calculate the remainder when 247049 is divided by 716.
29
What is the remainder when 72850 is divided by 72816?
34
What is the remainder when 219951 is divided by 7642?
5975
What is the remainder when 24774638 is divided by 24578?
14
Calculate the remainder when 384583 is divided by 16024.
7
Calculate the remainder when 17748642 is divided by 1774864.
2
What is the remainder when 17634 is divided by 1733?
304
Calculate the remainder when 168377 is divided by 33362.
1567
Calculate the remainder when 43670417 is divided by 158.
7
Calculate the remainder when 2633435 is divided by 1241.
33
Calculate the remainder when 44406893 is divided by 1776273.
68
Calculate the remainder when 2798019 is divided by 147262.
41
What is the remainder when 40414641 is divided by 5375?
16
Calculate the remainder when 50155649 is divided by 2043.
2042
What is the remainder when 438175 is divided by 950?
225
What is the remainder when 679367 is divided by 604?
471
What is the remainder when 1818554 is divided by 6272?
5946
What is the remainder when 2445705 is divided by 3602?
3549
Calculate the remainder when 143044702 is divided by 8304.
8302
What is the remainder when 56144 is divided by 3129?
2951
What is the remainder when 192720 is divided by 14813?
151
What is the remainder when 3112000 is divided by 2103?
1663
Calculate the remainder when 409600 is divided by 40.
0
Calculate the remainder when 867937 is divided by 21.
7
Calculate the remainder when 1124819 is divided by 40172.
3
Calculate the remainder when 113057 is divided by 22595.
82
Calculate the remainder when 31319568 is divided by 31319536.
32
What is the remainder when 27760436 is divided by 5738?
5730
What is the remainder when 9513763 is divided by 3292?
3175
Calculate the remainder when 8081870 is divided by 166.
160
What is the remainder when 18778 is divided by 1117?
906
What is the remainder when 16741571 is divided by 8370756?
59
Calculate the remainder when 177960 is divided by 7005.
2835
Calculate the remainder when 20176824 is divided by 21.
3
Calculate the remainder when 1354276 is divided by 145.
121
Calculate the remainder when 1188733 is divided by 77.
7
What is the remainder when 80980 is divided by 4498?
16
Calculate the remainder when 9245411 is divided by 9245384.
27
What is the remainder when 3654435 is divided by 2940?
15
Calculate the remainder when 129529 is divided by 1103.
478
Calculate the remainder when 615593 is divided by 12096.
10793
Calculate the remainder when 71738787 is divided by 44.
43
What is the remainder when 241043 is divided by 47864?
1723
What is the remainder when 27923 is divided by 27724?
199
What is the remainder when 69536 is divided by 720?
416
What is the remainder when 423591 is divided by 79?
72
What is the remainder when 1628640 is divided by 1123?
290
Calculate the remainder when 120419480 is divided by 1267.
1266
Calculate the remainder when 23842 is divided by 2711.
2154
What is the remainder when 5622 is divided by 1622?
756
Calculate the remainder when 240207 is divided by 40011.
141
What is the remainder when 192288 is divided by 1291?
1220
What is the remainder when 925890 is divided by 22045?
0
What is the remainder when 850458 is divided by 60722?
350
What is the remainder when 3121269 is divided by 308?
305
Calculate the remainder when 1384117 is divided by 115.
92
Calculate the remainder when 9394 is divided by 2634.
1492
Calculate the remainder when 49552 is divided by 1621.
922
Calculate the remainder when 22086441 is divided by 127.
125
Calculate the remainder when 152783 is divided by 152397.
386
Calculate the remainder when 166176 is divided by 913.
10
Calculate the remainder when 31916 is divided by 31702.
214
What is the remainder when 6493 is divided by 6372?
121
Calculate the remainder when 547276 is divided by 264.
4
What is the remainder when 964425 is divided by 120552?
9
Calculate the remainder when 99362 is divided by 24676.
658
What is the remainder when 162500753 is divided by 11607196?
9
Calculate the remainder when 90804 is divided by 90492.
312
What is the remainder when 534019 is divided by 71?
28
What is the remainder when 922246 is divided by 450?
196
Calculate the remainder when 63472 is divided by 20007.
3451
What is the remainder when 2903849 is divided by 962?
533
What is the remainder when 117102 is divided by 14624?
110
Calculate the remainder when 966271 is divided by 322078.
37
Calculate the remainder when 361685618 is divided by 583.
580
Calculate the remainder when 2728733 is divided by 248064.
29
Calculate the remainder when 286473 is divided by 40920.
33
What is the remainder when 3667395 is divided by 14?
11
What is the remainder when 213895 is divided by 968?
935
What is the remainder when 1018142837 is divided by 130?
127
What is the remainder when 3780335 is divided by 343660?
75
Calculate the remainder when 201694 is divided by 761.
29
What is the remainder when 8215 is divided by 3012?
2191
What is the remainder when 181322 is divided by 547?
265
Calculate the remainder when 172761749 is divided by 25.
24
Calculate the remainder when 161959619 is divided by 663.
653
Calculate the remainder when 44374019 is divided by 620.
619
Calculate the remainder when 4844499 is divided by 702.
699
What is the remainder when 168729 is divided by 848?
825
What is the remainder when 66141107 is divided by 79?
16
What is the remainder when 16472451 is divided by 952?
947
Calculate the remainder when 274931 is divided by 274930.
1
What is the remainder when 2808338 is divided by 127651?
16
Calculate the remainder when 155028307 is divided by 13.
5
What is the remainder when 745318 is divided by 266?
252
What is the remainder when 1075667290 is divided by 2394?
2392
What is the remainder when 18796 is divided by 150?
46
What is the remainder when 323256511 is divided by 1583?
1579
What is the remainder when 164244 is divided by 41050?
44
What is the remainder when 54865639 is divided by 3048089?
37
What is the remainder when 7581431 is divided by 54?
47
What is the remainder when 44633181 is divided by 48?
45
What is the remainder when 489672 is divided by 91?
1
What is the remainder when 178179 is divided by 257?
78
Calculate the remainder when 889500 is divided by 1490.
1460
What is the remainder when 11884 is divided by 2260?
584
What is the remainder when 53016073 is divided by 2176?
9
What is the remainder when 11317287 is divided by 20?
7
Calculate the remainder when 368156 is divided by 249.
134
Calculate the remainder when 306604 is divided by 7282.
760
What is the remainder when 108521257 is divided by 51?
40
What is the remainder when 159075522 is divided by 167?
6
Calculate the remainder when 37214721 is divided by 36.
9
Calculate the remainder when 99796502 is divided by 37.
28
Calculate the remainder when 1306610 is divided by 2878.
2876
What is the remainder when 186327025 is divided by 126?
115
Calculate the remainder when 21299387 is divided by 974.
929
What is the remainder when 43737 is divided by 4369?
47
Calculate the remainder when 56265 is divided by 56186.
79
Calculate the remainder when 36941 is divided by 12298.
47
Calculate the remainder when 1241018 is divided by 4561.
426
Calculate the remainder when 11899225 is divided by 9042.
8995
What is the remainder when 1008195 is divided by 50404?
115
What is the remainder when 17729510 is divided by 1240?
1230
What is the remainder when 2409205 is divided by 15543?
40
What is the remainder when 131511991 is divided by 99?
9